7?
-33
In base 3, what is 12101 - -1002?
20110
In base 12, what is -805b + 1?
-805a
In base 16, what is -47b1 - -6?
-47ab
In base 2, what is -1100100001111101 - -1?
-1100100001111100
In base 11, what is 34a751 - 2?
34a74a
In base 15, what is 5 - -3194?
3199
In base 7, what is 11036 - 653?
10053
In base 10, what is 4 - 77719?
-77715
In base 14, what is -5 + a3ac?
a3a7
In base 6, what is 30243 + -2?
30241
In base 6, what is 2134 - -4?
2142
In base 4, what is 21120232002 + 1?
21120232003
In base 12, what is 33 + -7a93?
-7a60
In base 12, what is -378 - 446?
-802
In base 10, what is -108 - 1141?
-1249
In base 11, what is -1094 + 28?
-1067
In base 3, what is 11 - 101212110?
-101212022
In base 11, what is -5947 + 16?
-5931
In base 13, what is 354 - 2b?
326
In base 8, what is 202 - -13731?
14133
In base 2, what is 101101110000 + 1110?
101101111110
In base 6, what is -11521 + 151?
-11330
In base 16, what is 0 - a5a?
-a5a
In base 6, what is -35 - -1502151?
1502112
In base 2, what is -1010101101 + 11001111?
-111011110
In base 13, what is -1747791 + 5?
-1747789
In base 16, what is -4 + -17f30?
-17f34
In base 11, what is -1a1a843 + 4?
-1a1a83a
In base 14, what is -56 + -2a89?
-2b01
In base 10, what is 1 - 17484?
-17483
In base 5, what is 23030 + -21?
23004
In base 8, what is 3501 + 46?
3547
In base 2, what is 1111010 + -10111111011?
-10110000001
In base 4, what is 23303 - -201?
30110
In base 10, what is 585 + -164?
421
In base 6, what is -1 - 25323?
-25324
In base 10, what is -25 + 44?
19
In base 5, what is 1043434 - 2?
1043432
In base 9, what is -1677 - 2?
-1680
In base 4, what is -230212 + 12232?
-211320
In base 16, what is 3 - -2b6a2?
2b6a5
In base 11, what is -761905 - -1?
-761904
In base 7, what is -11 + 244254?
244243
In base 8, what is 261 - 247?
12
In base 7, what is -2 + 251040?
251035
In base 8, what is 1141 + 10154?
11315
In base 14, what is 3adb - 4?
3ad7
In base 12, what is 2062 + 18?
207a
In base 14, what is 1 + -69c11?
-69c10
In base 2, what is -10010 + 1110010011001111000?
1110010011001100110
In base 9, what is 471251 + 1?
471252
In base 9, what is 614541 + -4?
614536
In base 2, what is -101 - 1100111100101011?
-1100111100110000
In base 12, what is 90485 + -3?
90482
In base 15, what is -360 - 1d4?
-544
In base 9, what is 4 - -362473?
362477
In base 3, what is -20 + 200011202?
200011112
In base 10, what is 102112 + -49?
102063
In base 2, what is -111000111101100011 + -111?
-111000111101101010
In base 6, what is -3 + 1531210?
1531203
In base 5, what is -1000020 - 12?
-1000032
In base 14, what is -8 + -1d1b51?
-1d1b59
In base 9, what is -4536 - 70?
-4616
In base 6, what is 43451 + -45?
43402
In base 7, what is 4 + -2100?
-2063
In base 2, what is 10 - 1010000110000011000?
-1010000110000010110
In base 13, what is bb2 - 27?
b88
In base 16, what is -157 - -11d?
-3a
In base 7, what is -1 - 66220?
-66221
In base 2, what is -1000011100101 + 10110110011?
-101100110010
In base 15, what is 37a2 + 76?
3828
In base 15, what is -b7 + -445?
-50c
In base 15, what is -21ad + 2?
-21ab
In base 14, what is 10bd - 13d?
d80
In base 8, what is -11777 - -6?
-11771
In base 4, what is 30213 + 232?
31111
In base 3, what is -1102222002001 - 0?
-1102222002001
In base 12, what is 2 - 5a97b?
-5a979
In base 14, what is 13 - 23ad?
-239a
In base 13, what is 5 + -20bb6?
-20bb1
In base 8, what is -21 - 2502?
-2523
In base 10, what is -1 - -9456?
9455
In base 14, what is 841c9 - -5?
841d0
In base 6, what is 24 + -121004?
-120540
In base 5, what is 11203313 - 130?
11203133
In base 8, what is 4 + -5325213?
-5325207
In base 12, what is a2ba11 - -4?
a2ba15
In base 10, what is -327 + 348?
21
In base 15, what is c - 2974?
-2967
In base 7, what is 3 + 1133?
1136
In base 14, what is -5 + 25d2d?
25d28
In base 12, what is a - -23ba?
2408
In base 11, what is -20228a - 5?
-202294
In base 2, what is 100101111010100101111 - -11?
100101111010100110010
In base 5, what is -3 + 42140000?
42134442
In base 10, what is -20 + -8483?
-8503
In base 2, what is 1111000001101100100 - -1?
1111000001101100101
In base 12, what is -16b2306 - -5?
-16b2301
In base 2, what is -100001000000 + 10000?
-100000110000
In base 15, what is -6 - -23b29?
23b23
In base 7, what is 1 + -200441?
-200440
In base 6, what is 11 + 144411?
144422
In base 6, what is 224322 - 5?
224313
In base 6, what is 14131531 - 4?
14131523
In base 7, what is -455131 + 3?
-455125
In base 9, what is -78 + 100?
11
In base 14, what is b26 + -36?
ad0
In base 13, what is -c476 - 68?
-c511
In base 3, what is -21 + -2111?
-2202
In base 9, what is 2364224 - 0?
2364224
In base 12, what is -6b - 1077?
-1126
In base 9, what is 62111 - 2?
62108
In base 15, what is -691 - d?
-69e
In base 13, what is -ac841 - -2?
-ac83c
In base 2, what is 11 + -10111100100010?
-10111100011111
In base 6, what is 1125 + 21324?
22453
In base 8, what is 10152 + -5?
10145
In base 5, what is 40222 - -22?
40244
In base 8, what is 24 - 34?
-10
In base 4, what is 3 + 22010222?
22010231
In base 4, what is -3031 - 33111?
-102202
In base 6, what is -40 - -114420?
114340
In base 15, what is -7c - 189?
-216
In base 12, what is -33a7 + -68?
-3453
In base 4, what is 20013032 + 11?
20013103
In base 8, what is 14713 - -15?
14730
In base 3, what is 1201 - 22001?
-20100
In base 5, what is 1 + 232141?
232142
In base 5, what is -3343212 + -20?
-3343232
In base 15, what is 2362d + 4?
23632
In base 2, what is 110000110 + -11101000?
10011110
In base 10, what is -1519 + 32?
-1487
In base 3, what is -1020 + 102101?
101011
In base 4, what is -1311333130 - -3?
-1311333121
In base 14, what is -14ca46 - 4?
-14ca4a
In base 12, what is -3409 - 11?
-341a
In base 10, what is 57032 + -17?
57015
In base 15, what is 1717 + -3?
1714
In base 2, what is -11 + 100000111100100?
100000111100001
In base 5, what is 4 + 202001200?
202001204
In base 8, what is -1 + 32102?
32101
In base 12, what is -51 - -b15?
a84
In base 4, what is -11322213002 - 0?
-11322213002
In base 10, what is -562 + -1507?
-2069
In base 12, what is 3 - 3aa95?
-3aa92
In base 6, what is -1022 + 1312?
250
In base 9, what is -52577 + 4?
-52573
In base 6, what is -144 + 125155?
125011
In base 15, what is -3 - -100d1?
100cd
In base 11, what is -3 - -12551a?
125517
In base 9, what is -7 + -14423?
-14431
In base 2, what is -100101000 + -10101110?
-111010110
In base 13, what is -1628 - 52c?
-1b57
In base 10, what is 267 + 78?
345
In base 9, what is 2130 - 5?
2124
In base 3, what is -2020 + -20220001201?
-20220010221
In base 15, what is 3 + -60572?
-6056e
In base 14, what is -d5 + 376?
281
In base 8, what is -170 + 7066?
6676
In base 5, what is 13420334 - 2?
13420332
In base 3, what is -10 - -21222112?
21222102
In base 5, what is -104400 + 134?
-104211
In base 12, what is -5 + 11659?
11654
In base 14, what is 4a1 - 2b?
474
In base 15, what is -149b - 3?
-149e
In base 3, what is -1020 + -212202?
-220222
In base 12, what is -36224 - 1?
-36225
In base 13, what is 1b2 - -b1?
293
In base 5, what is 124111233 - 3?
124111230
In base 3, what is -201 - 201221220?
-201222121
In base 4, what is -12301110023 - 3?
-12301110032
In base 5, what is 101 - -24412?
30013
In base 4, what is -1323 - -1122330?
1121001
In base 8, what is -15733 + 27?
-15704
In base 14, what is c2 + -77?
49
In base 16, what is -c203 - -5?
-c1fe
In base 7, what is 61 - 10233?
-10142
In base 6, what is -3 - 222354?
-222401
In base 13, what is -2360 - -a?
-2353
In base 15, what is -15a + 3ba?
260
In base 6, what is -220 + -10351?
-11011
In base 6, what is 15 + 2315431?
2315450
In base 16, what is 5 - -2682?
2687
In base 6, what is 12334014 + -1?
12334013
In base 11, what is -10 + -1062a?
-1063a
In base 15, what is -6b - -507?
48b
In base 11, what is -9964 - 5?
-9969
In base 5, what is -2 + -34340211?
-34340213
In base 6, what is 142212305 + 3?
142212312
In base 2, what is -100 + -101100011000011010?
-101100011000011110
In base 8, what is -7724 + 522?
-7202
In base 16, what is -1 - 200ca?
-200cb
In base 11, what is -17 + 1898?
1881
In base 14, what is 1a - 1a6b?
-1a51
In base 9, what is 507 + -1411?
-803
In base 3, what is 12 + 10112100201?
10112100220
In base 5, what is -31 - 4132343?
-4132424
In base 14, what is -60 - -a72?
a12
In base 7, what is 2662 + -100?
2562
In base 14, what is 73b - 385?
396